{"id":173,"date":"2020-08-11T18:29:16","date_gmt":"2020-08-11T21:29:16","guid":{"rendered":"http:\/\/sercoflex.cl\/sitio\/?page_id=173"},"modified":"2025-10-08T14:10:10","modified_gmt":"2025-10-08T17:10:10","slug":"sistema-wr","status":"publish","type":"page","link":"https:\/\/sercoflex.cl\/sitio\/sistema-wr\/","title":{"rendered":"Sistema WR"},"content":{"rendered":"\t\t<div data-elementor-type=\"wp-page\" data-elementor-id=\"173\" class=\"elementor elementor-173\" data-elementor-settings=\"[]\">\n\t\t\t\t\t\t<div class=\"elementor-inner\">\n\t\t\t\t\t\t\t<div class=\"elementor-section-wrap\">\n\t\t\t\t\t\t\t<section class=\"elementor-section elementor-top-section elementor-element elementor-element-2138868 elementor-section-boxed elementor-section-height-default elementor-section-height-default\" data-id=\"2138868\" data-element_type=\"section\">\n\t\t\t\t\t\t<div class=\"elementor-container elementor-column-gap-default\">\n\t\t\t\t\t\t\t<div class=\"elementor-row\">\n\t\t\t\t\t<div class=\"elementor-column elementor-col-100 elementor-top-column elementor-element elementor-element-2e52ffd\" data-id=\"2e52ffd\" data-element_type=\"column\">\n\t\t\t<div class=\"elementor-column-wrap elementor-element-populated\">\n\t\t\t\t\t\t\t<div class=\"elementor-widget-wrap\">\n\t\t\t\t\t\t<div class=\"elementor-element elementor-element-769b7ef elementor-widget elementor-widget-text-editor\" data-id=\"769b7ef\" data-element_type=\"widget\" data-widget_type=\"text-editor.default\">\n\t\t\t\t<div class=\"elementor-widget-container\">\n\t\t\t\t\t\t\t\t<div class=\"elementor-text-editor elementor-clearfix\">\n\t\t\t\t\t<p><span style=\"color: #032e42; font-family: 'Fira Sans'; font-size: 22px; font-style: normal; font-weight: bold;\">Sistema de alineaci\u00f3n WR<\/span><\/p><p>Los sistemas de gu\u00eda de banda de la serie WR, de Re S.p.A., son la soluci\u00f3n ideal para la zona de preimpresi\u00f3n. Dise\u00f1ados para alinear la banda con precisi\u00f3n antes del proceso de impresi\u00f3n, estos sistemas garantizan un procesamiento perfecto y una m\u00e1xima eficiencia en tu l\u00ednea de producci\u00f3n. El sistema WR consta de una placa base sobre la que se montan correderas que se unen directamente a uno o dos rodillos que giran para llevar la banda a la posici\u00f3n correcta.<\/p><p>Se encuentran disponibles diferentes soluciones como el sistema de guiado de banda con dos rodillos, en los que el material se alimenta entre ellos antes de continuar su recorrido, o un sistema de gu\u00eda de banda monocarril utilizado principalmente para sistemas de uni\u00f3n. Para situaciones en las que se requiere una altura reducida, ofrecemos el sistema de gu\u00eda de banda de perfil bajo WR-S.<\/p><p>Adem\u00e1s, para obtener una soluci\u00f3n especialmente compacta, podemos suministrar dise\u00f1os personalizados para sistemas de recubrimiento, como el MINIROLLER para sistemas de recubrimiento, con mono-rodillos de menos de 400 mm, montados en un solo carro motorizado.<\/p><p>Los sistemas de gu\u00eda web WR se utilizan generalmente junto con la gama de sensores Re y la unidad de control ReSmart para una automatizaci\u00f3n completa y confiable.<span style=\"color: #032e42; font-family: 'Fira Sans'; font-size: 22px; font-style: normal; font-weight: bold;\">\u00a0<\/span><\/p>\t\t\t\t\t<\/div>\n\t\t\t\t\t\t<\/div>\n\t\t\t\t<\/div>\n\t\t\t\t\t\t<\/div>\n\t\t\t\t\t<\/div>\n\t\t<\/div>\n\t\t\t\t\t\t\t\t<\/div>\n\t\t\t\t\t<\/div>\n\t\t<\/section>\n\t\t\t\t<section class=\"elementor-section elementor-top-section elementor-element elementor-element-7f8aaa4 elementor-section-boxed elementor-section-height-default elementor-section-height-default\" data-id=\"7f8aaa4\" data-element_type=\"section\">\n\t\t\t\t\t\t<div class=\"elementor-container elementor-column-gap-default\">\n\t\t\t\t\t\t\t<div class=\"elementor-row\">\n\t\t\t\t\t<div class=\"elementor-column elementor-col-100 elementor-top-column elementor-element elementor-element-f675d1f\" data-id=\"f675d1f\" data-element_type=\"column\">\n\t\t\t<div class=\"elementor-column-wrap elementor-element-populated\">\n\t\t\t\t\t\t\t<div class=\"elementor-widget-wrap\">\n\t\t\t\t\t\t<div class=\"elementor-element elementor-element-ac15644 elementor-arrows-position-inside elementor-pagination-position-outside elementor-widget elementor-widget-image-carousel\" data-id=\"ac15644\" data-element_type=\"widget\" data-settings=\"{&quot;navigation&quot;:&quot;both&quot;,&quot;autoplay&quot;:&quot;yes&quot;,&quot;pause_on_hover&quot;:&quot;yes&quot;,&quot;pause_on_interaction&quot;:&quot;yes&quot;,&quot;autoplay_speed&quot;:5000,&quot;infinite&quot;:&quot;yes&quot;,&quot;speed&quot;:500}\" data-widget_type=\"image-carousel.default\">\n\t\t\t\t<div class=\"elementor-widget-container\">\n\t\t\t\t\t<div class=\"elementor-image-carousel-wrapper swiper-container\" dir=\"ltr\">\n\t\t\t<div class=\"elementor-image-carousel swiper-wrapper\">\n\t\t\t\t<div class=\"swiper-slide\"><figure class=\"swiper-slide-inner\"><img decoding=\"async\" class=\"swiper-slide-image\" src=\"https:\/\/sercoflex.cl\/sitio\/wp-content\/uploads\/2025\/10\/Respa-header-image-WR-1024x520-1-300x152.png\" alt=\"Respa-header-image-WR--1024x520\" \/><\/figure><\/div>\t\t\t<\/div>\n\t\t\t\t\t<\/div>\n\t\t\t\t<\/div>\n\t\t\t\t<\/div>\n\t\t\t\t\t\t<\/div>\n\t\t\t\t\t<\/div>\n\t\t<\/div>\n\t\t\t\t\t\t\t\t<\/div>\n\t\t\t\t\t<\/div>\n\t\t<\/section>\n\t\t\t\t<section class=\"elementor-section elementor-top-section elementor-element elementor-element-987b47a elementor-section-boxed elementor-section-height-default elementor-section-height-default\" data-id=\"987b47a\" data-element_type=\"section\">\n\t\t\t\t\t\t<div class=\"elementor-container elementor-column-gap-default\">\n\t\t\t\t\t\t\t<div class=\"elementor-row\">\n\t\t\t\t\t<div class=\"elementor-column elementor-col-100 elementor-top-column elementor-element elementor-element-70812617\" data-id=\"70812617\" data-element_type=\"column\">\n\t\t\t<div class=\"elementor-column-wrap elementor-element-populated\">\n\t\t\t\t\t\t\t<div class=\"elementor-widget-wrap\">\n\t\t\t\t\t\t<div class=\"elementor-element elementor-element-37b0fda6 elementor-widget elementor-widget-text-editor\" data-id=\"37b0fda6\" data-element_type=\"widget\" data-widget_type=\"text-editor.default\">\n\t\t\t\t<div class=\"elementor-widget-container\">\n\t\t\t\t\t\t\t\t<div class=\"elementor-text-editor elementor-clearfix\">\n\t\t\t\t\t<h5>Datos T\u00e9cnicos<\/h5><table width=\"750\"><thead><tr><td>\u00a0<\/td><td><p align=\"center\">Carrera<\/p><\/td><td><p align=\"center\">Velocidad actuador<\/p><\/td><td><p align=\"center\">Largo rodillo<\/p><\/td><td><strong>Tensi\u00f3n Max<\/strong><\/td><\/tr><\/thead><tbody><tr><td><strong>MINI-ROLLER<\/strong><\/td><td>+\/-25 mm<\/td><td>min 4,5- max 75 mm\/s<\/td><td>200-400 mm<\/td><td>150 N<\/td><\/tr><tr><td><strong>WR.50 \/ WR-S.50<\/strong><\/td><td>+\/-25 mm<\/td><td>min 4,5- max 75 mm\/s<\/td><td>350-1500 mm<\/td><td>400 N<\/td><\/tr><tr><td><strong>WR.100 \/ WR-S.100<\/strong><\/td><td>+\/-50 mm<\/td><td>min 4,5- max 75 mm\/s<\/td><td>1600-2000 mm<\/td><td>400 N<\/td><\/tr><\/tbody><\/table><h5>Modelos<\/h5><table width=\"750\"><tbody><tr><td>\u00a0<\/td><td><p align=\"center\">WR mini roller<\/p><\/td><td><p align=\"center\">WR S50<\/p><\/td><td><p align=\"center\">WR 50<\/p><\/td><td><p align=\"center\">WR S 100<\/p><\/td><td><p align=\"center\">WR 100<\/p><\/td><\/tr><tr><td><strong>Ver PDF<\/strong><\/td><td><p align=\"center\"><a href=\"http:\/\/sercoflex.cl\/sitio\/wp-content\/uploads\/2020\/08\/WR-mini-roller-data-sheet.pdf\" target=\"_blank\" rel=\"noopener\"><br \/><img decoding=\"async\" src=\"http:\/\/sercoflex.cl\/sitio\/wp-content\/uploads\/2020\/09\/pdf.png\" width=\"50\" \/><br \/><\/a><\/p><\/td><td><p align=\"center\"><a href=\"http:\/\/sercoflex.cl\/sitio\/wp-content\/uploads\/2020\/08\/WR-S50-data-sheet.pdf\" target=\"_blank\" rel=\"noopener\"><br \/><img decoding=\"async\" src=\"http:\/\/sercoflex.cl\/sitio\/wp-content\/uploads\/2020\/09\/pdf.png\" width=\"50\" \/><br \/><\/a><\/p><\/td><td><p align=\"center\"><a href=\"http:\/\/sercoflex.cl\/sitio\/wp-content\/uploads\/2020\/08\/WR50-Data-Sheet.pdf\" target=\"_blank\" rel=\"noopener\"><br \/><img decoding=\"async\" src=\"http:\/\/sercoflex.cl\/sitio\/wp-content\/uploads\/2020\/09\/pdf.png\" width=\"50\" \/><br \/><\/a><\/p><\/td><td><p align=\"center\"><a href=\"http:\/\/sercoflex.cl\/sitio\/wp-content\/uploads\/2020\/08\/WR-S-100-data-sheet.pdf\" target=\"_blank\" rel=\"noopener\"><br \/><img decoding=\"async\" src=\"http:\/\/sercoflex.cl\/sitio\/wp-content\/uploads\/2020\/09\/pdf.png\" width=\"50\" \/><br \/><\/a><\/p><\/td><td><p align=\"center\"><a href=\"http:\/\/sercoflex.cl\/sitio\/wp-content\/uploads\/2020\/08\/WR100-data-sheet.pdf\" target=\"_blank\" rel=\"noopener\"><br \/><img decoding=\"async\" src=\"http:\/\/sercoflex.cl\/sitio\/wp-content\/uploads\/2020\/09\/pdf.png\" width=\"50\" \/><br \/><\/a><\/p><\/td><\/tr><\/tbody><\/table>\t\t\t\t\t<\/div>\n\t\t\t\t\t\t<\/div>\n\t\t\t\t<\/div>\n\t\t\t\t\t\t<\/div>\n\t\t\t\t\t<\/div>\n\t\t<\/div>\n\t\t\t\t\t\t\t\t<\/div>\n\t\t\t\t\t<\/div>\n\t\t<\/section>\n\t\t\t\t\t\t<\/div>\n\t\t\t\t\t\t<\/div>\n\t\t\t\t\t<\/div>\n\t\t","protected":false},"excerpt":{"rendered":"<p>Sistema de alineaci\u00f3n WR Los sistemas de gu\u00eda de banda de la serie WR, de Re S.p.A., son la soluci\u00f3n ideal para la zona de preimpresi\u00f3n. Dise\u00f1ados para alinear la banda con precisi\u00f3n antes del proceso de impresi\u00f3n, estos sistemas garantizan un procesamiento perfecto y una m\u00e1xima eficiencia en tu [&hellip;]<\/p>\n","protected":false},"author":1,"featured_media":0,"parent":0,"menu_order":0,"comment_status":"closed","ping_status":"closed","template":"","meta":{"footnotes":""},"class_list":["post-173","page","type-page","status-publish","hentry"],"yoast_head":"<!-- This site is optimized with the Yoast SEO plugin v16.5 - https:\/\/yoast.com\/wordpress\/plugins\/seo\/ -->\n<title>Sistema WR - Sercoflex | Re<\/title>\n<meta name=\"robots\" content=\"index, follow, max-snippet:-1, max-image-preview:large, max-video-preview:-1\" \/>\n<link rel=\"canonical\" href=\"https:\/\/sercoflex.cl\/sitio\/sistema-wr\/\" \/>\n<meta property=\"og:locale\" content=\"es_ES\" \/>\n<meta property=\"og:type\" content=\"article\" \/>\n<meta property=\"og:title\" content=\"Sistema WR - Sercoflex | Re\" \/>\n<meta property=\"og:description\" content=\"Sistema de alineaci\u00f3n WR Los sistemas de gu\u00eda de banda de la serie WR, de Re S.p.A., son la soluci\u00f3n ideal para la zona de preimpresi\u00f3n. Dise\u00f1ados para alinear la banda con precisi\u00f3n antes del proceso de impresi\u00f3n, estos sistemas garantizan un procesamiento perfecto y una m\u00e1xima eficiencia en tu [&hellip;]\" \/>\n<meta property=\"og:url\" content=\"https:\/\/sercoflex.cl\/sitio\/sistema-wr\/\" \/>\n<meta property=\"og:site_name\" content=\"Sercoflex | Re\" \/>\n<meta property=\"article:modified_time\" content=\"2025-10-08T17:10:10+00:00\" \/>\n<meta property=\"og:image\" content=\"https:\/\/sercoflex.cl\/sitio\/wp-content\/uploads\/2025\/10\/Respa-header-image-WR-1024x520-1-300x152.png\" \/>\n<meta name=\"twitter:card\" content=\"summary_large_image\" \/>\n<meta name=\"twitter:label1\" content=\"Est. reading time\" \/>\n\t<meta name=\"twitter:data1\" content=\"3 minutos\" \/>\n<script type=\"application\/ld+json\" class=\"yoast-schema-graph\">{\"@context\":\"https:\/\/schema.org\",\"@graph\":[{\"@type\":\"Organization\",\"@id\":\"https:\/\/sercoflex.cl\/sitio\/#organization\",\"name\":\"Sercoflex\",\"url\":\"https:\/\/sercoflex.cl\/sitio\/\",\"sameAs\":[\"https:\/\/www.linkedin.com\/in\/comercial-sercoflex-6779211b4\/\"],\"logo\":{\"@type\":\"ImageObject\",\"@id\":\"https:\/\/sercoflex.cl\/sitio\/#logo\",\"inLanguage\":\"es-CL\",\"url\":\"https:\/\/sercoflex.cl\/sitio\/wp-content\/uploads\/2021\/01\/Logo-serco.jpg\",\"contentUrl\":\"https:\/\/sercoflex.cl\/sitio\/wp-content\/uploads\/2021\/01\/Logo-serco.jpg\",\"width\":790,\"height\":945,\"caption\":\"Sercoflex\"},\"image\":{\"@id\":\"https:\/\/sercoflex.cl\/sitio\/#logo\"}},{\"@type\":\"WebSite\",\"@id\":\"https:\/\/sercoflex.cl\/sitio\/#website\",\"url\":\"https:\/\/sercoflex.cl\/sitio\/\",\"name\":\"Sercoflex\",\"description\":\"Empresa dedicada a productos industriales.\",\"publisher\":{\"@id\":\"https:\/\/sercoflex.cl\/sitio\/#organization\"},\"potentialAction\":[{\"@type\":\"SearchAction\",\"target\":\"https:\/\/sercoflex.cl\/sitio\/?s={search_term_string}\",\"query-input\":\"required name=search_term_string\"}],\"inLanguage\":\"es-CL\"},{\"@type\":\"ImageObject\",\"@id\":\"https:\/\/sercoflex.cl\/sitio\/sistema-wr\/#primaryimage\",\"inLanguage\":\"es-CL\",\"url\":\"https:\/\/sercoflex.cl\/sitio\/wp-content\/uploads\/2025\/10\/Respa-header-image-WR-1024x520-1.png\",\"contentUrl\":\"https:\/\/sercoflex.cl\/sitio\/wp-content\/uploads\/2025\/10\/Respa-header-image-WR-1024x520-1.png\",\"width\":1024,\"height\":520},{\"@type\":\"WebPage\",\"@id\":\"https:\/\/sercoflex.cl\/sitio\/sistema-wr\/#webpage\",\"url\":\"https:\/\/sercoflex.cl\/sitio\/sistema-wr\/\",\"name\":\"Sistema WR - Sercoflex | Re\",\"isPartOf\":{\"@id\":\"https:\/\/sercoflex.cl\/sitio\/#website\"},\"primaryImageOfPage\":{\"@id\":\"https:\/\/sercoflex.cl\/sitio\/sistema-wr\/#primaryimage\"},\"datePublished\":\"2020-08-11T21:29:16+00:00\",\"dateModified\":\"2025-10-08T17:10:10+00:00\",\"breadcrumb\":{\"@id\":\"https:\/\/sercoflex.cl\/sitio\/sistema-wr\/#breadcrumb\"},\"inLanguage\":\"es-CL\",\"potentialAction\":[{\"@type\":\"ReadAction\",\"target\":[\"https:\/\/sercoflex.cl\/sitio\/sistema-wr\/\"]}]},{\"@type\":\"BreadcrumbList\",\"@id\":\"https:\/\/sercoflex.cl\/sitio\/sistema-wr\/#breadcrumb\",\"itemListElement\":[{\"@type\":\"ListItem\",\"position\":1,\"name\":\"Portada\",\"item\":\"https:\/\/sercoflex.cl\/sitio\/\"},{\"@type\":\"ListItem\",\"position\":2,\"name\":\"Sistema WR\"}]}]}<\/script>\n<!-- \/ Yoast SEO plugin. -->","_links":{"self":[{"href":"https:\/\/sercoflex.cl\/sitio\/wp-json\/wp\/v2\/pages\/173","targetHints":{"allow":["GET"]}}],"collection":[{"href":"https:\/\/sercoflex.cl\/sitio\/wp-json\/wp\/v2\/pages"}],"about":[{"href":"https:\/\/sercoflex.cl\/sitio\/wp-json\/wp\/v2\/types\/page"}],"author":[{"embeddable":true,"href":"https:\/\/sercoflex.cl\/sitio\/wp-json\/wp\/v2\/users\/1"}],"replies":[{"embeddable":true,"href":"https:\/\/sercoflex.cl\/sitio\/wp-json\/wp\/v2\/comments?post=173"}],"version-history":[{"count":17,"href":"https:\/\/sercoflex.cl\/sitio\/wp-json\/wp\/v2\/pages\/173\/revisions"}],"predecessor-version":[{"id":3878,"href":"https:\/\/sercoflex.cl\/sitio\/wp-json\/wp\/v2\/pages\/173\/revisions\/3878"}],"wp:attachment":[{"href":"https:\/\/sercoflex.cl\/sitio\/wp-json\/wp\/v2\/media?parent=173"}],"curies":[{"name":"wp","href":"https:\/\/api.w.org\/{rel}","templated":true}]}}